s the thousands digit of 171513529?
3
What is the units digit of 3627316?
6
What is the millions digit of 8820043?
8
What is the tens digit of 60364744?
4
What is the hundreds digit of 199021926?
9
What is the thousands digit of 2193516?
3
What is the hundred thousands digit of 2652489764?
4
What is the tens digit of 775416569?
6
What is the hundred thousands digit of 81962842?
9
What is the tens digit of 106315921?
2
What is the hundred millions digit of 192282760?
1
What is the units digit of 7433975?
5
What is the tens digit of 441623375?
7
What is the units digit of 605023776?
6
What is the millions digit of 2675419627?
5
What is the units digit of 487233317?
7
What is the thousands digit of 5878097644?
7
What is the ten millions digit of 910092895?
1
What is the hundred millions digit of 407341412?
4
What is the hundred thousands digit of 81310975?
3
What is the hundreds digit of 59634647?
6
What is the thousands digit of 1003927811?
7
What is the hundred millions digit of 3506248042?
5
What is the hundred thousands digit of 164015286?
0
What is the ten millions digit of 418901892?
1
What is the millions digit of 168139239?
8
What is the ten millions digit of 10525388?
1
What is the millions digit of 28261601?
8
What is the units digit of 961129317?
7
What is the ten thousands digit of 113923031?
2
What is the hundred thousands digit of 383707636?
7
What is the hundred millions digit of 108988734?
1
What is the thousands digit of 98210543?
0
What is the hundred thousands digit of 25811542?
8
What is the units digit of 430107764?
4
What is the thousands digit of 6858782?
8
What is the millions digit of 237126253?
7
What is the millions digit of 1136992447?
6
What is the ten thousands digit of 37618505?
1
What is the hundreds digit of 2257689602?
6
What is the millions digit of 419351761?
9
What is the units digit of 86667774?
4
What is the ten thousands digit of 92185688?
8
What is the hundred millions digit of 716144122?
7
What is the hundred millions digit of 856476156?
8
What is the hundred thousands digit of 1285303097?
3
What is the millions digit of 5190092826?
0
What is the hundreds digit of 778111391?
3
What is the tens digit of 449147795?
9
What is the hundred thousands digit of 90763839?
7
What is the millions digit of 830382656?
0
What is the ten millions digit of 768272335?
6
What is the tens digit of 4614746?
4
What is the units digit of 52769950?
0
What is the ten millions digit of 2270977263?
7
What is the tens digit of 586116969?
6
What is the millions digit of 445734531?
5
What is the units digit of 71613045?
5
What is the tens digit of 3190109695?
9
What is the billions digit of 2434522099?
2
What is the millions digit of 234989808?
4
What is the hundred millions digit of 715301385?
7
What is the hundreds digit of 1563163627?
6
What is the millions digit of 22857223?
2
What is the thousands digit of 103995337?
5
What is the ten millions digit of 422923816?
2
What is the units digit of 272408553?
3
What is the hundreds digit of 263936241?
2
What is the ten thousands digit of 5258043355?
4
What is the hundreds digit of 293925995?
9
What is the thousands digit of 260492490?
2
What is the units digit of 389713682?
2
What is the units digit of 177080246?
6
What is the tens digit of 27597988?
8
What is the tens digit of 1084239607?
0
What is the hundreds digit of 2493746214?
2
What is the units digit of 1384288406?
6
What is the thousands digit of 13696538?
6
What is the hundred thousands digit of 80826159?
8
What is the thousands digit of 698920?
8
What is the ten thousands digit of 153621318?
2
What is the tens digit of 96256316?
1
What is the ten thousands digit of 4778337?
7
What is the hundred millions digit of 147999826?
1
What is the millions digit of 88433252?
8
What is the ten millions digit of 6110967558?
1
What is the hundred millions digit of 229978188?
2
What is the hundred thousands digit of 9974534?
9
What is the units digit of 209559387?
7
What is the thousands digit of 310317620?
7
What is the tens digit of 433470555?
5
What is the hundreds digit of 74075959?
9
What is the billions digit of 2023434757?
2
What is the hundreds digit of 155212138?
1
What is the millions digit of 86351144?
6
What is the units digit of 88796125?
5
What is the hundred thousands digit of 220767673?
7
What is the thousands digit of 409867964?
7
What is the hundred millions digit of 204433841?
2
What is the hundreds digit of 619201217?
2
What is the tens digit of 139384633?
3
What is the ten thousands digit of 799996993?
9
What is the billions digit of 2067943490?
2
What is the hundred millions digit of 775599290?
7
What is the hundreds digit of 121749150?
1
What is the units digit of 4133197559?
9
What is the hundred thousands digit of 655623397?
6
What is the hundreds digit of 792963494?
4
What is the millions digit of 1946357417?
6
What is the thousands digit of 44662448?
2
What is the ten millions digit of 3405063770?
0
What is the thousands digit of 85658948?
8
What is the ten millions digit of 51547464?
5
What is the hundred millions digit of 4679582700?
6
What is the hundreds digit of 2365085?
0
What is the hundred thousands digit of 802337352?
3
What is the units digit of 983282757?
7
What is the millions digit of 1143345232?
3
What is the ten thousands digit of 868176448?
7
What is the thousands digit of 97883284?
3
What is the units digit of 199244147?
7
What is the hundreds digit of 8036457274?
2
What is the ten millions digit of 337464136?
3
What is the hundred thousands digit of 3083353921?
3
What is the ten millions digit of 205806817?
0
What is the hundred millions digit of 239540586?
2
What is the hundreds digit of 63304302?
3
What is the units digit of 126582463?
3
What is the units digit of 91137226?
6
What is the hundreds digit of 71165113?
1
What is the thousands digit of 61343867?
3
What is the thousands digit of 30489677?
9
What is the hundreds digit of 48060957?
9
What is the hundreds digit of 194566052?
0
What is the millions digit of 262253890?
2
What is the hundreds digit of 180741833?
8
What is the hundreds digit of 1956470?
4
What is the thousands digit of 30480066?
0
What is the hundreds digit of 322333039?
0
What is the ten thousands digit of 685282671?
8
What is the millions digit of 2218302504?
8
What is the ten thousands digit of 93570433?
7
What is the millions digit of 222097402?
2
What is the hundreds digit of 1877479897?
8
What is the ten millions digit of 632055247?
3
What is the thousands digit of 414838700?
8
What is the hundreds digit of 789006813?
8
What is the ten thousands digit of 78748637?
4
What is the tens digit of 77823696?
9
What is the thousands digit of 2302367353?
7
What is the hundreds digit of 1284614824?
8
What is the hundred millions digit of 4162801658?
1
What is the hundred thousands digit of 43606273?
6
What is the billions digit of 1010834699?
1
What is the hundreds digit of 420124745?
7
What is the billions digit of 1035086710?
1
What is the tens digit of 66911617?
1
What is the hundreds digit of 91301200?
2
What is the hundred thousands digit of 2978595972?
5
What is the millions digit of 886909512?
6
What is the thousands digit of 99570951?
0
What is the ten thousands digit of 925342719?
4
What is the hundred millions digit of 424585684?
4
What is the units digit of 521707886?
6
What is the tens digit of 7145414624?
2
What is the hundred millions digit of 569344302?
5
What is the units digit of 1544946961?
1
What is the ten thousands digit of 341269365?
6
What is the ten millions digit of 257298067?
5
What is the ten thousands digit of 42889168?
8
What is the thousands digit of 68623123?
3
What is the thousands digit of 629677649?
7
What is the units digit of 116892100?
0
What is the units digit of 42359623?
3
What is the hundred thousands digit of 493991555?
9
What is the hundreds digit of 1196556028?
0
What is the ten millions digit of 1151356766?
5
What is the thousands digit of 117652571?
2
What is the hundreds digit of 228769519?
5
What is the tens digit of 116680397?
9
What is the units digit of 389330541?
1
What is the units digit of 165357098?
8
What is the hundreds digit of 96921592?
5
What is the tens digit of 3057727489?
8
What is the units digit of 51822872